[INFO] cloning repository https://github.com/Fuzen-py/GameService
[INFO] running `Command { std: "git" "-c" "credential.helper=" "-c" "credential.helper=/workspace/cargo-home/bin/git-credential-null" "clone" "--bare" "https://github.com/Fuzen-py/GameService" "/workspace/cache/git-repos/https%3A%2F%2Fgithub.com%2FFuzen-py%2FGameService", kill_on_drop: false }`
[INFO] [stderr] Cloning into bare repository '/workspace/cache/git-repos/https%3A%2F%2Fgithub.com%2FFuzen-py%2FGameService'...
[INFO] running `Command { std: "git" "rev-parse" "HEAD", kill_on_drop: false }`
[INFO] [stdout] a3ba80e24106e0f046c52f98f1b039c3448af8f7
[INFO] checking Fuzen-py/GameService against try#72f88fc4e9458f89516a0b8b0868f3718aec5b47 for pr-74989
[INFO] running `Command { std: "git" "clone" "/workspace/cache/git-repos/https%3A%2F%2Fgithub.com%2FFuzen-py%2FGameService" "/workspace/builds/worker-8/source", kill_on_drop: false }`
[INFO] [stderr] Cloning into '/workspace/builds/worker-8/source'...
[INFO] [stderr] done.
[INFO] validating manifest of git repo https://github.com/Fuzen-py/GameService on toolchain 72f88fc4e9458f89516a0b8b0868f3718aec5b47
[INFO] running `Command { std: "/workspace/cargo-home/bin/cargo" "+72f88fc4e9458f89516a0b8b0868f3718aec5b47" "read-manifest" "--manifest-path" "Cargo.toml", kill_on_drop: false }`
[INFO] started tweaking git repo https://github.com/Fuzen-py/GameService
[INFO] finished tweaking git repo https://github.com/Fuzen-py/GameService
[INFO] tweaked toml for git repo https://github.com/Fuzen-py/GameService written to /workspace/builds/worker-8/source/Cargo.toml
[INFO] crate git repo https://github.com/Fuzen-py/GameService already has a lockfile, it will not be regenerated
[INFO] running `Command { std: "/workspace/cargo-home/bin/cargo" "+72f88fc4e9458f89516a0b8b0868f3718aec5b47" "fetch" "--locked" "--manifest-path" "Cargo.toml", kill_on_drop: false }`
[INFO] [stderr]     Blocking waiting for file lock on package cache
[INFO] [stderr]  Downloading crates ...
[INFO] [stderr]   Downloaded r2d2-diesel v1.0.0
[INFO] [stderr]   Downloaded rocket_codegen v0.3.6
[INFO] [stderr]   Downloaded isatty v0.1.6
[INFO] [stderr]   Downloaded diesel_migrations v1.1.0
[INFO] [stderr]   Downloaded rustc-demangle v0.1.6
[INFO] [stderr]   Downloaded dotenv v0.11.0
[INFO] [stderr]   Downloaded diesel_derives v1.1.0
[INFO] [stderr]   Downloaded yansi v0.3.4
[INFO] [stderr]   Downloaded diesel v1.1.1
[INFO] [stderr]   Downloaded pear_codegen v0.0.12
[INFO] [stderr]   Downloaded crossbeam-epoch v0.3.0
[INFO] [stderr]   Downloaded state v0.3.3
[INFO] [stderr]   Downloaded pear v0.0.12
[INFO] [stderr]   Downloaded rocket v0.3.6
[INFO] [stderr]   Downloaded rocket_contrib v0.3.6
[INFO] [stderr]   Downloaded derive-error-chain v0.11.0
[INFO] [stderr]   Downloaded pq-sys v0.4.4
[INFO] [stderr]   Downloaded migrations_macros v1.1.0
[INFO] [stderr]   Downloaded migrations_internals v1.1.0
[INFO] [stderr]   Downloaded cute v0.3.0
[INFO] running `Command { std: "docker" "create" "-v" "/var/lib/crater-agent-workspace/builds/worker-8/target:/opt/rustwide/target:rw,Z" "-v" "/var/lib/crater-agent-workspace/builds/worker-8/source:/opt/rustwide/workdir:ro,Z" "-v" "/var/lib/crater-agent-workspace/cargo-home:/opt/rustwide/cargo-home:ro,Z" "-v" "/var/lib/crater-agent-workspace/rustup-home:/opt/rustwide/rustup-home:ro,Z" "-e" "SOURCE_DIR=/opt/rustwide/workdir" "-e" "CARGO_TARGET_DIR=/opt/rustwide/target" "-e" "CARGO_HOME=/opt/rustwide/cargo-home" "-e" "RUSTUP_HOME=/opt/rustwide/rustup-home" "-w" "/opt/rustwide/workdir" "-m" "1610612736" "--user" "0:0" "--network" "none" "rustops/crates-build-env@sha256:d92eaeed33fa75130ca1ee6c8a01d1ffb62bac859dfdfb3450e3e5d1c0146529" "/opt/rustwide/cargo-home/bin/cargo" "+72f88fc4e9458f89516a0b8b0868f3718aec5b47" "metadata" "--no-deps" "--format-version=1", kill_on_drop: false }`
[INFO] [stdout] 85254c6396b2dfd84030b1fab6f375e5ac6abc79c9851d4841375205c528faa1
[INFO] [stderr] WARNING: Your kernel does not support swap limit capabilities or the cgroup is not mounted. Memory limited without swap.
[INFO] running `Command { std: "docker" "start" "-a" "85254c6396b2dfd84030b1fab6f375e5ac6abc79c9851d4841375205c528faa1", kill_on_drop: false }`
[INFO] running `Command { std: "docker" "inspect" "85254c6396b2dfd84030b1fab6f375e5ac6abc79c9851d4841375205c528faa1", kill_on_drop: false }`
[INFO] running `Command { std: "docker" "rm" "-f" "85254c6396b2dfd84030b1fab6f375e5ac6abc79c9851d4841375205c528faa1", kill_on_drop: false }`
[INFO] [stdout] 85254c6396b2dfd84030b1fab6f375e5ac6abc79c9851d4841375205c528faa1
[INFO] running `Command { std: "docker" "create" "-v" "/var/lib/crater-agent-workspace/builds/worker-8/target:/opt/rustwide/target:rw,Z" "-v" "/var/lib/crater-agent-workspace/builds/worker-8/source:/opt/rustwide/workdir:ro,Z" "-v" "/var/lib/crater-agent-workspace/cargo-home:/opt/rustwide/cargo-home:ro,Z" "-v" "/var/lib/crater-agent-workspace/rustup-home:/opt/rustwide/rustup-home:ro,Z" "-e" "SOURCE_DIR=/opt/rustwide/workdir" "-e" "CARGO_TARGET_DIR=/opt/rustwide/target" "-e" "CARGO_INCREMENTAL=0" "-e" "RUST_BACKTRACE=full" "-e" "RUSTFLAGS=--cap-lints=forbid" "-e" "CARGO_HOME=/opt/rustwide/cargo-home" "-e" "RUSTUP_HOME=/opt/rustwide/rustup-home" "-w" "/opt/rustwide/workdir" "-m" "1610612736" "--user" "0:0" "--network" "none" "rustops/crates-build-env@sha256:d92eaeed33fa75130ca1ee6c8a01d1ffb62bac859dfdfb3450e3e5d1c0146529" "/opt/rustwide/cargo-home/bin/cargo" "+72f88fc4e9458f89516a0b8b0868f3718aec5b47" "check" "--frozen" "--all" "--all-targets" "--message-format=json", kill_on_drop: false }`
[INFO] [stdout] 19713809992b324b2700f6363ce79d1f6406bdea41da8baef7e3962ad1f5e961
[INFO] [stderr] WARNING: Your kernel does not support swap limit capabilities or the cgroup is not mounted. Memory limited without swap.
[INFO] running `Command { std: "docker" "start" "-a" "19713809992b324b2700f6363ce79d1f6406bdea41da8baef7e3962ad1f5e961", kill_on_drop: false }`
[INFO] [stderr]     Blocking waiting for file lock on package cache
[INFO] [stderr]     Blocking waiting for file lock on package cache
[INFO] [stderr]    Compiling cfg-if v0.1.2
[INFO] [stderr]    Compiling libc v0.2.36
[INFO] [stderr]    Compiling unicode-xid v0.0.4
[INFO] [stderr]    Compiling rayon-core v1.4.0
[INFO] [stderr]    Compiling quote v0.3.15
[INFO] [stderr]    Compiling yansi v0.3.4
[INFO] [stderr]     Checking byteorder v1.2.1
[INFO] [stderr]     Checking matches v0.1.6
[INFO] [stderr]     Checking unicode-normalization v0.1.5
[INFO] [stderr]     Checking percent-encoding v1.0.1
[INFO] [stderr]     Checking lazy_static v0.2.11
[INFO] [stderr]    Compiling bitflags v1.0.1
[INFO] [stderr]     Checking antidote v1.0.0
[INFO] [stderr]    Compiling serde v1.0.27
[INFO] [stderr]     Checking num-traits v0.2.0
[INFO] [stderr]    Compiling httparse v1.2.4
[INFO] [stderr]     Checking language-tags v0.2.2
[INFO] [stderr]     Checking ordermap v0.2.13
[INFO] [stderr]    Compiling state v0.3.3
[INFO] [stderr]    Compiling smallvec v0.4.4
[INFO] [stderr]    Compiling pear v0.0.12
[INFO] [stdout] error[E0635]: unknown feature `const_atomic_bool_new`
[INFO] [stdout]  --> /opt/rustwide/cargo-home/registry/src/github.com-1ecc6299db9ec823/yansi-0.3.4/src/lib.rs:1:40
[INFO] [stdout]   |
[INFO] [stdout] 1 | #![cfg_attr(feature="nightly", feature(const_atomic_bool_new))]
[INFO] [stdout]   |                                        ^^^^^^^^^^^^^^^^^^^^^
[INFO] [stdout] 
[INFO] [stdout] 
[INFO] [stdout] error: aborting due to previous error
[INFO] [stdout] 
[INFO] [stdout] 
[INFO] [stdout] For more information about this error, try `rustc --explain E0635`.
[INFO] [stdout] 
[INFO] [stdout] error[E0635]: unknown feature `const_atomic_usize_new`
[INFO] [stdout]  --> /opt/rustwide/cargo-home/registry/src/github.com-1ecc6299db9ec823/state-0.3.3/src/lib.rs:3:12
[INFO] [stdout]   |
[INFO] [stdout] 3 | #![feature(const_atomic_usize_new)]
[INFO] [stdout]   |            ^^^^^^^^^^^^^^^^^^^^^^
[INFO] [stdout] 
[INFO] [stdout] 
[INFO] [stderr] error: could not compile `yansi`.
[INFO] [stdout] error[E0635]: unknown feature `const_atomic_bool_new`
[INFO] [stdout]  --> /opt/rustwide/cargo-home/registry/src/github.com-1ecc6299db9ec823/state-0.3.3/src/lib.rs:4:12
[INFO] [stdout]   |
[INFO] [stdout] 4 | #![feature(const_atomic_bool_new)]
[INFO] [stdout]   |            ^^^^^^^^^^^^^^^^^^^^^
[INFO] [stdout] 
[INFO] [stdout] 
[INFO] [stderr] 
[INFO] [stderr] To learn more, run the command again with --verbose.
[INFO] [stderr] warning: build failed, waiting for other jobs to finish...
[INFO] [stdout] error[E0635]: unknown feature `const_unsafe_cell_new`
[INFO] [stdout]  --> /opt/rustwide/cargo-home/registry/src/github.com-1ecc6299db9ec823/state-0.3.3/src/lib.rs:2:12
[INFO] [stdout]   |
[INFO] [stdout] 2 | #![feature(const_unsafe_cell_new)]
[INFO] [stdout]   |            ^^^^^^^^^^^^^^^^^^^^^
[INFO] [stdout] 
[INFO] [stdout] 
[INFO] [stdout] error: aborting due to 3 previous errors
[INFO] [stdout] 
[INFO] [stdout] 
[INFO] [stdout] For more information about this error, try `rustc --explain E0635`.
[INFO] [stdout] 
[INFO] [stdout] error[E0635]: unknown feature `const_atomic_usize_new`
[INFO] [stdout]  --> /opt/rustwide/cargo-home/registry/src/github.com-1ecc6299db9ec823/state-0.3.3/src/lib.rs:3:12
[INFO] [stdout]   |
[INFO] [stdout] 3 | #![feature(const_atomic_usize_new)]
[INFO] [stdout]   |            ^^^^^^^^^^^^^^^^^^^^^^
[INFO] [stdout] 
[INFO] [stdout] 
[INFO] [stdout] error[E0635]: unknown feature `const_atomic_bool_new`
[INFO] [stdout]  --> /opt/rustwide/cargo-home/registry/src/github.com-1ecc6299db9ec823/state-0.3.3/src/lib.rs:4:12
[INFO] [stdout]   |
[INFO] [stdout] 4 | #![feature(const_atomic_bool_new)]
[INFO] [stdout]   |            ^^^^^^^^^^^^^^^^^^^^^
[INFO] [stdout] 
[INFO] [stdout] 
[INFO] [stdout] error[E0635]: unknown feature `const_unsafe_cell_new`
[INFO] [stdout]  --> /opt/rustwide/cargo-home/registry/src/github.com-1ecc6299db9ec823/state-0.3.3/src/lib.rs:2:12
[INFO] [stdout]   |
[INFO] [stdout] 2 | #![feature(const_unsafe_cell_new)]
[INFO] [stdout]   |            ^^^^^^^^^^^^^^^^^^^^^
[INFO] [stdout] 
[INFO] [stdout] 
[INFO] [stdout] error: aborting due to 3 previous errors
[INFO] [stdout] 
[INFO] [stdout] 
[INFO] [stdout] For more information about this error, try `rustc --explain E0635`.
[INFO] [stdout] 
[INFO] [stderr] error: build failed
[INFO] running `Command { std: "docker" "inspect" "19713809992b324b2700f6363ce79d1f6406bdea41da8baef7e3962ad1f5e961", kill_on_drop: false }`
[INFO] running `Command { std: "docker" "rm" "-f" "19713809992b324b2700f6363ce79d1f6406bdea41da8baef7e3962ad1f5e961", kill_on_drop: false }`
[INFO] [stdout] 19713809992b324b2700f6363ce79d1f6406bdea41da8baef7e3962ad1f5e961
